undreds digit of 34578?
5
What is the units digit of 48920?
0
What is the units digit of 158?
8
What is the thousands digit of 18273?
8
What is the units digit of 406?
6
What is the hundreds digit of 271?
2
What is the hundreds digit of 4708?
7
What is the thousands digit of 3908?
3
What is the units digit of 30568?
8
What is the hundreds digit of 3056?
0
What is the units digit of 56?
6
What is the hundreds digit of 6517?
5
What is the tens digit of 7284?
8
What is the thousands digit of 9005?
9
What is the ten thousands digit of 33520?
3
What is the units digit of 6110?
0
What is the units digit of 6004?
4
What is the units digit of 69?
9
What is the hundreds digit of 841?
8
What is the tens digit of 203?
0
What is the thousands digit of 4156?
4
What is the ten thousands digit of 209972?
0
What is the tens digit of 5327?
2
What is the ten thousands digit of 44085?
4
What is the tens digit of 276?
7
What is the units digit of 2547?
7
What is the hundreds digit of 312?
3
What is the units digit of 509?
9
What is the thousands digit of 8075?
8
What is the units digit of 29671?
1
What is the thousands digit of 4491?
4
What is the tens digit of 41479?
7
What is the units digit of 779?
9
What is the thousands digit of 17166?
7
What is the tens digit of 1169?
6
What is the thousands digit of 27572?
7
What is the thousands digit of 1525?
1
What is the hundreds digit of 32831?
8
What is the thousands digit of 5258?
5
What is the ten thousands digit of 15285?
1
What is the ten thousands digit of 12300?
1
What is the hundreds digit of 15499?
4
What is the units digit of 373?
3
What is the thousands digit of 1022?
1
What is the hundreds digit of 84011?
0
What is the tens digit of 7003?
0
What is the units digit of 1617?
7
What is the tens digit of 45237?
3
What is the hundreds digit of 627?
6
What is the tens digit of 80?
8
What is the hundreds digit of 917?
9
What is the ten thousands digit of 13124?
1
What is the units digit of 3998?
8
What is the units digit of 237?
7
What is the units digit of 74?
4
What is the units digit of 3960?
0
What is the units digit of 528?
8
What is the units digit of 5393?
3
What is the hundreds digit of 18444?
4
What is the units digit of 1112?
2
What is the thousands digit of 58263?
8
What is the tens digit of 1309?
0
What is the tens digit of 13190?
9
What is the tens digit of 2841?
4
What is the tens digit of 1353?
5
What is the units digit of 35215?
5
What is the hundreds digit of 1143?
1
What is the thousands digit of 1230?
1
What is the hundreds digit of 9216?
2
What is the hundreds digit of 1140?
1
What is the hundreds digit of 20558?
5
What is the tens digit of 58?
5
What is the units digit of 204?
4
What is the tens digit of 3548?
4
What is the units digit of 42982?
2
What is the hundreds digit of 1153?
1
What is the tens digit of 67136?
3
What is the tens digit of 18787?
8
What is the hundreds digit of 9112?
1
What is the thousands digit of 1484?
1
What is the thousands digit of 76466?
6
What is the tens digit of 385?
8
What is the ten thousands digit of 12216?
1
What is the hundreds digit of 2063?
0
What is the hundreds digit of 1259?
2
What is the units digit of 28359?
9
What is the units digit of 2135?
5
What is the units digit of 17?
7
What is the tens digit of 2843?
4
What is the tens digit of 658?
5
What is the units digit of 83?
3
What is the tens digit of 9313?
1
What is the ten thousands digit of 16306?
1
What is the tens digit of 472?
7
What is the thousands digit of 12094?
2
What is the units digit of 53857?
7
What is the tens digit of 71192?
9
What is the thousands digit of 9475?
9
What is the units digit of 6528?
8
What is the tens digit of 1761?
6
What is the hundreds digit of 880?
8
What is the hundreds digit of 17001?
0
What is the ten thousands digit of 99095?
9
What is the thousands digit of 31762?
1
What is the units digit of 21790?
0
What is the units digit of 155715?
5
What is the units digit of 1976?
6
What is the tens digit of 40340?
4
What is the thousands digit of 4953?
4
What is the ten thousands digit of 14074?
1
What is the hundreds digit of 23934?
9
What is the ten thousands digit of 13542?
1
What is the thousands digit of 30424?
0
What is the thousands digit of 70138?
0
What is the hundreds digit of 53447?
4
What is the thousands digit of 5479?
5
What is the thousands digit of 100741?
0
What is the units digit of 439?
9
What is the ten thousands digit of 34304?
3
What is the units digit of 18262?
2
What is the ten thousands digit of 117260?
1
What is the units digit of 1363?
3
What is the ten thousands digit of 46432?
4
What is the units digit of 7456?
6
What is the units digit of 16858?
8
What is the thousands digit of 94227?
4
What is the units digit of 49582?
2
What is the hundreds digit of 749?
7
What is the hundreds digit of 5743?
7
What is the tens digit of 22088?
8
What is the hundreds digit of 782?
7
What is the units digit of 38945?
5
What is the units digit of 15986?
6
What is the hundreds digit of 188?
1
What is the tens digit of 5015?
1
What is the tens digit of 1160?
6
What is the thousands digit of 1455?
1
What is the tens digit of 446?
4
What is the units digit of 834?
4
What is the tens digit of 22166?
6
What is the tens digit of 40701?
0
What is the tens digit of 119593?
9
What is the tens digit of 65411?
1
What is the ten thousands digit of 58875?
5
What is the thousands digit of 4734?
4
What is the hundreds digit of 22628?
6
What is the tens digit of 392?
9
What is the tens digit of 47281?
8
What is the tens digit of 4424?
2
What is the hundreds digit of 8208?
2
What is the tens digit of 3849?
4
What is the units digit of 7388?
8
What is the tens digit of 5103?
0
What is the thousands digit of 7593?
7
What is the hundreds digit of 4797?
7
What is the units digit of 2215?
5
What is the units digit of 7102?
2
What is the thousands digit of 1173?
1
What is the hundreds digit of 117289?
2
What is the ten thousands digit of 10258?
1
What is the tens digit of 11578?
7
What is the hundreds digit of 106080?
0
What is the thousands digit of 1948?
1
What is the thousands digit of 9489?
9
What is the units digit of 48?
8
What is the units digit of 3415?
5
What is the tens digit of 12414?
1
What is the tens digit of 375?
7
What is the tens digit of 3716?
1
What is the hundreds digit of 1140?
1
What is the hundreds digit of 7327?
3
What is the units digit of 833?
3
What is the thousands digit of 1310?
1
What is the tens digit of 14?
1
What is the units digit of 2376?
6
What is the hundreds digit of 12226?
2
What is the tens digit of 14996?
9
What is the tens digit of 102748?
4
What is the thousands digit of 15643?
5
What is the hundreds digit of 8356?
3
What is the hundreds digit of 18372?
3
What is the units digit of 8672?
2
What is the units digit of 1407?
7
What is the hundreds digit of 4017?
0
What is the hundreds digit of 2899?
8
What is the hundreds digit of 3234?
2
What is the hundreds digit of 25387?
3
What is the hundreds digit of 2023?
0
What is the thousands digit of 5981?
5
What is the thousands digit of 14366?
4
What is the thousands digit of 2198?
2
What is the thousands digit of 41674?
1
What is the tens digit of 6028?
2
What is the ten thousands digit of 26602?
2
What is the tens digit of 1362?
6
What is the thousands digit of 8027?
8
What is the tens digit of 1414?
1
What is the hundreds digit of 2768?
7
What is the ten thousands digit of 45769?
4
What is the thousands digit of 4134?
4
What is the thousands digit of 9637?
9
What is the ten thousands digit of 105718?
0
What is the ten thousands digit of 48283?
4
What is the tens digit of 2561?
6
What is the tens digit of 110208?
0
What is the thousands digit of 1428?
1
What is the tens digit of 30817?
1
What is the hundreds digit of 12834?
8
What is the thousands digit of 3566?
3
What is the units digit of 427?
7
What is the hundreds digit of 49802?
8
What is the hundreds digit of 1926?
9
What is the tens digit of 120453?
5
What is the tens digit of 7599?
9
What is the tens digit of 141?
4
What is the tens digit of 917?
1
What is the units digit of 1641?
1
What is the tens digit of 2107?
0
What is the units digit of 6452?
2
What is the tens digit of 980?
8
What is the hundreds digit of 45075?
0
What is the